i - 1, -4*s - 4*i + 3 = -1. Suppose s*d = -d + b. List the prime factors of d.
2
Suppose 4 - 7 = -3*x. Let c = 6 - 3. List the prime factors of x/(c/(-72)*-3).
2
Let g = -14 - -18. Suppose g*l - 8 = 4. List the prime factors of l.
3
Let d(r) = -r**3 - 3*r**2 + 2*r - 4. Let m be d(-5). Suppose -6*u + m = -4*u. List the prime factors of u.
2, 3
Let d = 3 + -8. Let v(m) = m**2 + 4*m. List the prime factors of v(d).
5
Suppose 4*v = m - 155, 0 = -5*v + m - 147 - 46. Let n = v + 70. List the prime factors of n.
2
Let l(o) = 1. Let w(t) = 10*t - 3. Let b(c) = 4*l(c) + w(c). Let y be b(-1). List the prime factors of y*(0 - (-2)/(-3)).
2, 3
Let y(o) = o + 11. Let h be y(-8). Suppose -h*b - u - 3 = -25, -4*b + 30 = u. What are the prime factors of b?
2
Suppose 6 = 2*z - 182. Suppose -3*w - t = -0*t - z, -117 = -4*w - 3*t. List the prime factors of w.
3, 11
Let r be 2/(-4) + (-21)/(-2). Let o be ((-2)/(-5))/(2/r). Suppose -54 = -m - 4*m - o*t, 5*m = 5*t + 40. What are the prime factors of m?
2, 5
Let p = 151 + 107. List the prime factors of p.
2, 3, 43
What are the prime factors of 38/(-2 + 1 + 2)?
2, 19
Let x = 27 + -19. Suppose 0 = -o - o + x. What are the prime factors of o?
2
Suppose -5*h + 4*z = -58, -4*h + 3*z - z = -44. Let p = 15 - h. List the prime factors of p.
5
Let c = 16 - 10. Suppose -4*p = -26 - c. List the prime factors of p.
2
Let n(l) = 10*l**3 + 2*l**2 + l - 5. What are the prime factors of n(2)?
5, 17
Suppose -281 = -4*a + 107. List the prime factors of a.
97
Suppose 0*r - 4 = 2*b - 4*r, b - 4*r = -6. Let i = -2 + b. Let h = 11 + i. What are the prime factors of h?
11
Suppose 4*y - 20 = -y. Let n(m) be the second derivative of m**4/6 - 5*m**3/6 - m**2/2 + 5*m. What are the prime factors of n(y)?
11
Suppose 5*l - 15 = -0. Suppose 0 = 4*f - 4*t - 184, -4*f - 3*t + 238 = f. Suppose -l*z = -8*n + 3*n + f, 0 = n - 3*z - 7. List the prime factors of n.
2, 5
List the prime factors of 327/13 + 18/(-117).
5
Suppose 3*z - 722 = 160. What are the prime factors of z?
2, 3, 7
Let z(v) = 5*v + 2. Let k be z(3). Suppose 5*r = -a + k, 52 = -7*a + 3*a + 4*r. Let o = 13 + a. What are the prime factors of o?
5
Let v = 20 + -18. Let n(q) = 8*q + 0 - 6 + 3. List the prime factors of n(v).
13
Let z(k) = -6 + 2 - 1 - 5 + 2*k. Let t be z(7). Suppose -t*j + j = -48. List the prime factors of j.
2
Let u(w) = w**2 + 1. Let h be u(5). Suppose -a = -v + a + h, -v + 22 = -a. List the prime factors of v.
2, 3
Suppose 23 - 266 = -3*g - 3*b, -g = 5*b - 69. Suppose 2*c - a - g = -5*a, -5*c + 216 = 4*a. What are the prime factors of c?
2, 11
Suppose 7*v - 40 = 3*v. What are the prime factors of v?
2, 5
Let h(w) = 3*w**2 - 9*w - 3. List the prime factors of h(-7).
3, 23
Let n(c) = c**3 - 6*c**2 + 3*c - 7. Let q be n(6). Suppose q = -d - 3*i, 4*i + 24 = -3*d + 4*d. What are the prime factors of d?
2
Let b(c) = -c**3 - 6*c**2 - c + 1. Let l be b(-6). Let j = 10 - l. List the prime factors of j.
3
Let w(c) = -c**2 + 13*c + 9. List the prime factors of w(11).
31
Let s = 6 - 4. Let b = -7 + s. What are the prime factors of 27/5 - (-2)/b?
5
Let c = 13 - -24. List the prime factors of c.
37
Suppose -u = 4 + 15. Let a = 23 + u. What are the prime factors of a?
2
Let c(a) = a**3 + 4*a**2 + 3*a + 3. Let w be c(-3). Suppose 4*p - 2*z - 2*z - 32 = 0, 33 = 4*p - w*z. What are the prime factors of p?
3
What are the prime factors of ((-6)/(-4))/(7/224)?
2, 3
Let s = 10 + -7. What are the prime factors of s?
3
Let a(i) = -2*i**3 - 22*i**2 - 16*i - 22. List the prime factors of a(-11).
2, 7, 11
Let w(g) = 2*g + 4. Let r be w(4). Suppose -r = t + 3*t. Let f(b) = -3*b - 2. List the prime factors of f(t).
7
Let s(d) = d**2 - 12*d + 26. What are the prime factors of s(17)?
3, 37
Let c be -3*(-3)/9 + -2. Let o = c - -1. Suppose o*n - n = -9. List the prime factors of n.
3
Let y be (-2)/(-6) - (-42)/9. Suppose -y*h + h = -16. List the prime factors of 2/h - (-75)/6.
13
Let y = 13 - -49. List the prime factors of y.
2, 31
Suppose 2*r = -3 + 35. Suppose -9 = -s + r. List the prime factors of s.
5
Let j be -1*(1 - 2) - 13. What are the prime factors of -4*((-15)/j + -2)?
3
Let i = 1 - -1. Suppose 0 = i*w + d - 11, -2*d + 12 = 2. Suppose -2*p + w*p = 11. List the prime factors of p.
11
Let x = 105 + -78. List the prime factors of x.
3
Let f(n) = n**3 - 4*n**2 + 3*n. Let l(y) = y**2 + y - 1. Let k(z) = f(z) - 3*l(z). Let b be k(7). Suppose 24 = -b*i + 69. List the prime factors of i.
3, 5
Let p(u) = 11*u**2 - 3*u. Let y be p(-3). What are the prime factors of y/6 - (3 - 0)?
3, 5
Suppose 4*t + t + 3*y + 14 = 0, 3*t + 2*y = -9. List the prime factors of 1/((-12)/15 - t).
5
Let r(u) = u. Let b be r(-6). Let c(q) = -q - 8. Let f be c(b). List the prime factors of (-1 + 10)*(-2)/f.
3
Let n = 329 - 119. List the prime factors of n.
2, 3, 5, 7
Suppose -26 = -2*m - 3*j + 67, 4*j - 12 = 0. What are the prime factors of m?
2, 3, 7
Suppose -4*h + 2*w = -0*w - 52, -2*w - 8 = 0. Let q = h + -4. Let c = -1 + q. List the prime factors of c.
2, 3
Suppose 3*w + 6 - 18 = 0. Suppose 0 = c - w*c + 5*x + 19, c - x = 5. Suppose 4*o = c*o + 4. What are the prime factors of o?
2
Let k be 7/(-28) + (-39)/4. Let t = k - -9. Let d = t + 18. What are the prime factors of d?
17
Suppose 4*g + 0*g + 68 = 2*q, -3*g - 72 = -2*q. List the prime factors of q.
2, 3, 7
Let o = 122 + -79. Let m = -22 + o. List the prime factors of m.
3, 7
Let h be (-4 + 3)*(0 - -1). Let c(r) = -14*r**3 + 2*r + 1. List the prime factors of c(h).
13
Let m = -137 - -203. What are the prime factors of m?
2, 3, 11
Let n = -13 - -58. List the prime factors of n.
3, 5
Let t = 7 + -3. Suppose 0 = t*j - y - 63, -6*j = -5*j + 3*y - 19. What are the prime factors of j?
2
Let j = 260 + -176. List the prime factors of j.
2, 3, 7
Let p be (1 + 0)*1 + 1. Let g(y) = y**3 + 6 - y**2 - 4 + 5*y**p. List the prime factors of g(-3).
11
Suppose 0 = -4*l - 3*v + 60, -2*l - 2*l + v = -60. List the prime factors of 87/l + (-3)/(-15).
2, 3
Let k(n) = -2*n**2 + 6*n - 6. Let l be k(5). Let u be -1 + (2 - l/(-2)). Let i = 18 + u. List the prime factors of i.
2, 3
Let l be 64/(-36) + 4/(-18). Let r be -16*(3/l + 0). Suppose -5*b + b = -r. List the prime factors of b.
2, 3
Let o = -168 - -117. List the prime factors of -2*o/6*1.
17
Let i = -35 + 62. Let f be 122/18 + 6/i. Suppose f*r = 5*r + 30. List the prime factors of r.
3, 5
Suppose 0 = -k + 4 + 1. Suppose 213 + 22 = k*j. What are the prime factors of j?
47
Suppose 0*v - 69 = 4*v - 3*c, 4*v = 4*c - 64. Let b(g) = -3*g**2 - g. Let y be b(-1). What are the prime factors of y/(-4) + v/(-2)?
11
Suppose -2 = -2*s + 8. Suppose -4*c + g + 63 = 0, c + 90 = 6*c - s*g. What are the prime factors of c?
3, 5
Let v be 6/(-2) + (-18)/1. Let i = -13 - v. What are the prime factors of i?
2
Let z(a) = a**3 - 7*a**2 + 2*a - 2. Let g(r) = r**2 - 6*r - 9. Let h be g(8). Let t be z(h). Let d = t + -8. What are the prime factors of d?
2
Let h be (-2 - -3)/1*-4. Let s = 16 + h. List the prime factors of s.
2, 3
Let g be (-10)/8*8/(-2). Suppose 0 = 2*n + 2*w - 21 - g, -3*n - w = -37. List the prime factors of n.
2, 3
Suppose -4*r + 119 = c, 0*r = 5*r + 5. What are the prime factors of c?
3, 41
What are the prime factors of 4/(-7) + 7608/84?
2, 3, 5
Suppose h - 15 = -3*r - 0*r, 135 = 5*h - 5*r. What are the prime factors of h?
2, 3
Let a(c) = 4*c - 3. Let o = 6 - 2. What are the prime factors of a(o)?
13
Suppose -4 + 0 = -2*z. Suppose k - 33 = -z*k. List the prime factors of k.
11
Suppose 2*h = 4*a + 3*h - 7, 0 = 5*a + 3*h. List the prime factors of a + 41 + 6/(-3).
2, 3, 7
Let p(m) = 2*m - 1. Let k = -7 - -2. Let y = -3 - k. What are the prime factors of p(y)?
3
Let x be 18/(-15) - 4/5. Let p(k) = 5*k**2 - k + 2. What are the prime factors of p(x)?
2, 3
Suppose -t + 30 = 2*t. Suppose -6*p + 4*p = -t. List the prime factors of p.
5
Let w(t) = 9*t**3 - t**2 - 2*t - 1. Let a be w(-1). Let m = -5 + 3. What are the prime factors of (-6)/a*(m - -17)?
2, 5
Suppose 4*t + 24 = -0*t. What are the prime factors of (-110)/t - (-2)/3?
19
Let d(x) = x**3 + x**2 - x - 2. Let b be 6/(-15) - 13/5. Let q be d(b). Let n = -11 - q. List the prime factors of n.
2, 3
Suppose -4*h - 6 = 6, -4*z - h = 3. Let a = -1 + 14. Suppose -o + 20 = -3*b, z = 2*b + a - 5. What are